{"id":40,"date":"2016-07-24T16:10:23","date_gmt":"2016-07-24T16:10:23","guid":{"rendered":"http:\/\/hb-themes.com\/themes\/highend\/bloggera\/?page_id=40"},"modified":"2021-04-18T14:47:02","modified_gmt":"2021-04-18T13:47:02","slug":"get-in-touch","status":"publish","type":"page","link":"https:\/\/roswitha-faist.at\/?page_id=40","title":{"rendered":"Kontakt"},"content":{"rendered":"<div class=\"wpb-content-wrapper\">[vc_row parallax=&#8220;yes&#8220; fullwidth=&#8220;yes&#8220; bg_type=&#8220;bg_image&#8220; top_margin=&#8220;0&#8243; bottom_margin=&#8220;0&#8243; css=&#8220;.vc_custom_1525124492582{margin-top: -70px !important;padding-top: 150px !important;padding-bottom: 150px !important;}&#8220; image_url=&#8220;277&#8243;][vc_column][vc_custom_heading text=&#8220;Schreiben Sie mir&#8220; font_container=&#8220;tag:h1|font_size:38px|text_align:center|color:%23cc8bdd|line_height:42px&#8220; google_fonts=&#8220;font_family:Playfair%20Display%3Aregular%2Citalic%2C700%2C700italic%2C900%2C900italic|font_style:400%20regular%3A400%3Anormal&#8220;][vc_custom_heading text=&#8220;Ich freue mich Sie kennenzulernen&#8220; font_container=&#8220;tag:p|font_size:22px|text_align:center|color:%23cc8bdd|line_height:24px&#8220; google_fonts=&#8220;font_family:Roboto%3A100%2C100italic%2C300%2C300italic%2Cregular%2Citalic%2C500%2C500italic%2C700%2C700italic%2C900%2C900italic|font_style:300%20light%20regular%3A300%3Anormal&#8220;][\/vc_column][\/vc_row][vc_row top_margin=&#8220;0&#8243; bottom_margin=&#8220;0&#8243; css=&#8220;.vc_custom_1469378294326{padding-top: 50px !important;}&#8220;][vc_column width=&#8220;1\/2&#8243;][vc_custom_heading text=&#8220;Bonjour<br \/>\nHello<br \/>\nGuten Tag<br \/>\nAloha<br \/>\nCiao<br \/>\nHej<br \/>\nNamaste<br \/>\nZdravo<br \/>\nDobr\u00fd Den<br \/>\nHola&#8220; font_container=&#8220;tag:div|font_size:28px|text_align:left|color:%23000000|line_height:32px&#8220; google_fonts=&#8220;font_family:Playfair%20Display%3Aregular%2Citalic%2C700%2C700italic%2C900%2C900italic|font_style:400%20regular%3A400%3Anormal&#8220; tw_enable=&#8220;yes&#8220; tw_speed=&#8220;70&#8243; tw_backdelay=&#8220;1400&#8243;][vc_column_text css=&#8220;.vc_custom_1618753313237{padding-top: 40px !important;}&#8220;]Ich hei\u00dfe Sie\/Euch herzlich willkommen auf meiner Website.<\/p>\n<p>Ich freue mich sehr \u00fcber Ihren\/Euren Besuch auf meiner Seite.<\/p>\n<p>Bei Intresse f\u00fcr eine Astrologie\/Bachbl\u00fcten Beratung k\u00f6nnen Sie, k\u00f6nnt Ihr mich gerne kontaktieren.<\/p>\n<p>Da ich auf meiner Seite mit meinem Namen gerade stehe, erwarte ich mir von Ihnen\/Euch, mit dem realen Namen vorzustellen, wenn Sie\/Ihr Kontakt mit mir aufnehmt.<\/p>\n<p>Anonyme Zuschriften beantworte ich nicht.<\/p>\n<p>Gegenseitiges Vertrauen schafft die Basis f\u00fcr einen fruchtbaren Austausch.<\/p>\n<p>Roswitha Faist<\/p>\n<p><strong>Tel.:<\/strong> +43 664 73789924<br \/>\n<strong>E-Mail:<\/strong> <a href=\"mailto:redakteur@roswitha-faist.at\">redakteur@roswitha-faist.at<\/a>[\/vc_column_text][\/vc_column][\/vc_row]\n<\/div>","protected":false},"excerpt":{"rendered":"<p>[vc_row parallax=&#8220;yes&#8220; fullwidth=&#8220;yes&#8220; bg_type=&#8220;bg_image&#8220; top_margin=&#8220;0&#8243; bottom_margin=&#8220;0&#8243; css=&#8220;.vc_custom_1525124492582{margin-top: -70px !important;padding-top: 150px !important;padding-bottom: 150px !important;}&#8220; image_url=&#8220;277&#8243;][vc_column][vc_custom_heading text=&#8220;Schreiben Sie mir&#8220; font_container=&#8220;tag:h1|font_size:38px|text_align:center|color:%23cc8bdd|line_height:42px&#8220; google_fonts=&#8220;font_family:Playfair%20Display%3Aregular%2Citalic%2C700%2C700italic%2C900%2C900italic|font_style:400%20regular%3A400%3Anormal&#8220;][vc_custom_heading text=&#8220;Ich [&hellip;]<\/p>\n","protected":false},"author":3,"featured_media":0,"parent":0,"menu_order":0,"comment_status":"closed","ping_status":"closed","template":"","meta":{"footnotes":""},"_links":{"self":[{"href":"https:\/\/roswitha-faist.at\/index.php?rest_route=\/wp\/v2\/pages\/40"}],"collection":[{"href":"https:\/\/roswitha-faist.at\/index.php?rest_route=\/wp\/v2\/pages"}],"about":[{"href":"https:\/\/roswitha-faist.at\/index.php?rest_route=\/wp\/v2\/types\/page"}],"author":[{"embeddable":true,"href":"https:\/\/roswitha-faist.at\/index.php?rest_route=\/wp\/v2\/users\/3"}],"replies":[{"embeddable":true,"href":"https:\/\/roswitha-faist.at\/index.php?rest_route=%2Fwp%2Fv2%2Fcomments&post=40"}],"version-history":[{"count":9,"href":"https:\/\/roswitha-faist.at\/index.php?rest_route=\/wp\/v2\/pages\/40\/revisions"}],"predecessor-version":[{"id":3615,"href":"https:\/\/roswitha-faist.at\/index.php?rest_route=\/wp\/v2\/pages\/40\/revisions\/3615"}],"wp:attachment":[{"href":"https:\/\/roswitha-faist.at\/index.php?rest_route=%2Fwp%2Fv2%2Fmedia&parent=40"}],"curies":[{"name":"wp","href":"https:\/\/api.w.org\/{rel}","templated":true}]}}